{"id":132,"date":"2024-10-10T17:46:09","date_gmt":"2024-10-10T23:46:09","guid":{"rendered":"https:\/\/tianguisturistico.cie.com.mx\/MSA\/?page_id=132"},"modified":"2026-03-02T13:22:42","modified_gmt":"2026-03-02T19:22:42","slug":"home","status":"publish","type":"page","link":"https:\/\/tianguisturistico.cie.com.mx\/MSA\/","title":{"rendered":"Inicio"},"content":{"rendered":"\n\n\t<!DOCTYPE html>\n<html lang=\"es\">\n<head>\n<meta charset=\"utf-8\"\/>\n<meta name=\"viewport\" content=\"width=device-width, initial-scale=1\"\/>\n<!-- Bulma -->\n<link rel=\"stylesheet\" href=\"https:\/\/cdn.jsdelivr.net\/npm\/bulma@0.9.4\/css\/bulma.min.css\"\/>\n<style>\n  :root{\n    --c1:#BC5732;\n    --c2:#FD7A04;\n  }\n  .banner-container{\n    display:flex;\n    align-items:center;\n    justify-content:center;\n    flex-direction:column;\n    text-align:center;\n  }\n  .banner-image{\n    max-width:900px;\n    width:90%;\n    border-radius:12px;\n    box-shadow:0 6px 20px rgba(0,0,0,.2);\n  }\n  .banner-title{\n    color:#fff;\n    font-weight:800;\n    font-size:clamp(1.5rem, 3vw, 2.2rem);\n    margin-top:1rem;\n  }\n<\/style>\n<\/head>\n<body>\n<header>\n    <img decoding=\"async\" src=\"https:\/\/tianguisturistico.cie.com.mx\/MSA\/wp-content\/uploads\/2025\/12\/Banners-para-registros-ISSI_-TTM2026_General_Mesa-de-trabajo-1-scaled.webp\" alt=\"Banner principal\"\/>\n    <h1>Venta anticipada de servicios adicionales<\/h1>\n<\/header>\n<\/body>\n<\/html>\n<h2>\n\t\t\tCategorias\t<\/h2>\n\t<!DOCTYPE html>\n<html lang=\"es\">\n<head>\n<meta charset=\"utf-8\"\/>\n<meta name=\"viewport\" content=\"width=device-width, initial-scale=1\"\/>\n<title>Servicios adicionales<\/title>\n<link rel=\"stylesheet\" href=\"https:\/\/cdn.jsdelivr.net\/npm\/bulma@0.9.4\/css\/bulma.min.css\"\/>\n<style>\n  :root{\n    --c1:#BC5732;\n    --c2:#FD7A04;\n    --c3:#F2C6A1;\n  }\n  .tile-link{\n    position:relative;\n    display:block;\n    width:100%;\n    border-radius:14px;\n    overflow:hidden;\n    aspect-ratio:16\/11;\n    text-decoration:none;\n    color:#fff;\n    background-color:#111;\n    box-shadow:0 8px 24px rgba(0,0,0,.15);\n  }\n  .tile-img{\n    position:absolute;\n    inset:0;\n    width:100%;\n    height:100%;\n    object-fit:cover;\n  }\n  .tile-link::before{\n    content:\"\";\n    position:absolute; inset:0;\n    background:linear-gradient(180deg, rgba(0,0,0,.4), rgba(0,0,0,.15)), var(--tint, transparent);\n    opacity:.9; transition:opacity .25s, transform .25s;\n  }\n  .tile-link:hover::before{ opacity:.82; transform:scale(1.02); }\n  .tile-content{\n    position:absolute;\n    inset:0;\n    display:flex;\n    flex-direction:column;\n    align-items:center;\n    justify-content:center;\n    text-align:center;\n    transition:all .3s ease;\n  }\n  .tile-title {\n    background: rgb(255 255 255 \/ 70%);\n    padding: .35rem .7rem;\n    border-radius: 999px;\n    font-weight: 700;\n    font-size: 1rem;\n    opacity: 0;\n    transform: translateY(10px);\n    transition: all .3s ease;\n    text-shadow: 0 2px 10px rgba(0,0,0,.35);\n  }\n  .tile-link:hover .tile-title{\n    opacity:1;\n    transform:translateY(0);\n  }\n  .t1{ --tint: linear-gradient(0deg,var(--c1),var(--c1)); }\n  .t2{ --tint: linear-gradient(0deg,var(--c2),var(--c2)); }\n  .t3{ --tint: linear-gradient(0deg,var(--c3),var(--c3)); }\n  \/* Ajuste m\u00f3vil *\/\n  @media (max-width: 768px){\n    .tile-link{\n      aspect-ratio:auto;\n      height:95px;            \/* ajusta al alto de tus artes *\/\n    }\n  }\n<\/style>\n<\/head>\n<body>\n<section>\n        <a href=\"https:\/\/tianguisturistico.cie.com.mx\/MSA\/categoria-producto\/servicios-adicionales\/audio-y-video\/\" aria-label=\"Audio y video\">\n          <img decoding=\"async\" src=\"https:\/\/tianguisturistico.cie.com.mx\/MSA\/wp-content\/uploads\/2025\/11\/Audio-y-video.webp\" alt=\"Audio y video\"\/>\n            Audio y video\n        <\/a>\n        <a href=\"https:\/\/tianguisturistico.cie.com.mx\/MSA\/categoria-producto\/servicios-adicionales\/electricidad\/\" aria-label=\"Electricidad\">\n          <img decoding=\"async\" src=\"https:\/\/tianguisturistico.cie.com.mx\/MSA\/wp-content\/uploads\/2025\/11\/Electricidad.webp\" alt=\"Electricidad\"\/>\n            Electricidad\n        <\/a>\n        <a href=\"https:\/\/tianguisturistico.cie.com.mx\/MSA\/categoria-producto\/servicios-adicionales\/estacionamiento\/\" aria-label=\"Estacionamiento\">\n          <img decoding=\"async\" src=\"https:\/\/tianguisturistico.cie.com.mx\/MSA\/wp-content\/uploads\/2025\/11\/Estacionamiento.webp\" alt=\"Estacionamiento\"\/>\n            Estacionamiento\n        <\/a>\n        <a href=\"https:\/\/tianguisturistico.cie.com.mx\/MSA\/categoria-producto\/servicios-adicionales\/internet\/\" aria-label=\"Internet\">\n          <img decoding=\"async\" src=\"https:\/\/tianguisturistico.cie.com.mx\/MSA\/wp-content\/uploads\/2025\/11\/Internet.webp\" alt=\"Internet\"\/>\n            Internet\n        <\/a>\n        <a href=\"https:\/\/tianguisturistico.cie.com.mx\/MSA\/categoria-producto\/servicios-adicionales\/limpieza\/\" aria-label=\"Limpieza\">\n          <img decoding=\"async\" src=\"https:\/\/tianguisturistico.cie.com.mx\/MSA\/wp-content\/uploads\/2025\/11\/Limpieza.webp\" alt=\"Limpieza\"\/>\n            Limpieza\n        <\/a>\n        <a href=\"https:\/\/tianguisturistico.cie.com.mx\/MSA\/categoria-producto\/servicios-adicionales\/maquinaria\/\" aria-label=\"Maquinaria\">\n          <img decoding=\"async\" src=\"https:\/\/tianguisturistico.cie.com.mx\/MSA\/wp-content\/uploads\/2025\/11\/Maquinaria.webp\" alt=\"Maquinaria\"\/>\n            Maquinaria\n        <\/a>\n        <a href=\"https:\/\/tianguisturistico.cie.com.mx\/MSA\/categoria-producto\/servicios-adicionales\/seguridad\/\" aria-label=\"Seguridad\">\n          <img decoding=\"async\" src=\"https:\/\/tianguisturistico.cie.com.mx\/MSA\/wp-content\/uploads\/2025\/11\/Seguridad.webp\" alt=\"Seguridad\"\/>\n            Seguridad\n        <\/a>\n        <a href=\"https:\/\/tianguisturistico.cie.com.mx\/MSA\/categoria-producto\/servicios-adicionales\/servicios-de-stand\/\" aria-label=\"Servicios de Stand\">\n          <img decoding=\"async\" src=\"https:\/\/tianguisturistico.cie.com.mx\/MSA\/wp-content\/uploads\/2025\/11\/Servicios-stand-3a-opcion.webp\" alt=\"Servicios de Stand\"\/>\n            Servicios de Stand\n        <\/a>\n<\/section>\n<\/body>\n<\/html>\n<h2>\n\t\t\tPreguntas frecuentes\t<\/h2>\n\t<head>\n    <meta charset=\"UTF-8\"\/>\n    <meta name=\"viewport\" content=\"width=device-width, initial-scale=1.0\"\/>\n    <title>Preguntas Frecuentes<\/title>\n    <link rel=\"stylesheet\" href=\"https:\/\/cdn.jsdelivr.net\/npm\/bulma@0.9.3\/css\/bulma.min.css\"\/>\n    <link href=\"https:\/\/fonts.googleapis.com\/css2?family=Montserrat:wght@400;600&#038;display=swap\" rel=\"stylesheet\"\/>\n    <style>\n        \/* Fuente Montserrat *\/\n        body {\n            font-family: 'Montserrat', sans-serif;\n        }\n        \/* Estilos del contenedor de FAQ *\/\n        .faq-item {\n            border-bottom: 1px solid #ddd;\n            padding: 15px 0;\n            position: relative;\n            cursor: pointer;\n        }\n        \/* Estilo del t\u00edtulo de la pregunta *\/\n        .faq-item .faq-title {\n            font-weight: 600;\n            font-size: 1.2rem;\n            color: #9f4f8a;\n            display: flex;\n            align-items: center;\n            justify-content: space-between;\n            transition: color 0.3s;\n        }\n        \/* Estilo de la flecha *\/\n        .faq-item .faq-title .arrow {\n            transition: transform 0.3s;\n            font-size: 1.5rem;\n        }\n        \/* Oculta la respuesta inicialmente *\/\n        .faq-item .faq-content {\n            display: none;\n            padding-top: 10px;\n            color: #4a4a4a;\n            font-size: 1rem;\n            line-height: 1.5;\n        }\n        \/* Estilo para mostrar contenido y rotar flecha cuando est\u00e1 activo *\/\n        .faq-item.active .faq-content {\n            display: block;\n        }\n        .faq-item.active .arrow {\n            transform: rotate(90deg);\n        }\n    <\/style>\n<\/head>\n<body>\n    <section>\n            <!-- Pregunta 1 -->\n                    \u00bfCu\u00e1les son los Servicios Adicionales que puedo encontrar para Tianguis Tur\u00edstico M\u00e9xico 2026?\n                    \u2794\n                    <p>Servicios de caf\u00e9, box lunch, electricidad, estantes, frigobares, meseros, personal de seguridad, personal de limpieza, internet, audio y video, maquinaria y colganteo.<\/p>\n            <!-- Pregunta 2 -->\n                    \u00bfQu\u00e9 beneficio tiene hacer mis compras anticipadamente?\n                    \u2794\n                    <p>Obtienes descuentos en la mayor\u00eda de los art\u00edculos contratados.<\/p>\n            <!-- Pregunta 3 -->\n                    \u00bfPuedo comprar durante la exposici\u00f3n?\n                    \u2794\n                    <p>S\u00ed, solo tendr\u00e1s que considerar que los art\u00edculos est\u00e1n sujetos a disponibilidad y tiempo de respuesta.<\/p>\n            <!-- Pregunta 4 -->\n                    \u00bfPuedo modificar mi Compra?\n                    \u2794\n                    <p>S\u00ed, hasta antes de pagarla<\/p>\n            <!-- Pregunta 5 -->\n                    \u00bfEn una sola compra puedo adquirir Alimentos y Bebidas y Servicios Adicionales?\n                    \u2794\n                    <p>No, debes generar una compra con A&#038;B y la otra con Servicios Adicionales.<\/p>\n            <!-- Bot\u00f3n con estilos en l\u00ednea -->\n        <a href=\"https:\/\/tianguisturistico.cie.com.mx\/MSA\/?page_id=371\"\n           style=\"\n                background-color: #9f4f8a;\n                border-color: transparent;\n                color: #ffffff;\n                transition: color 0.3s ease, transform 0.1s ease-in-out;\n                text-align: center;\n                font-size: 1.25rem;\n                font-weight: bold;\n                display: block;\n                width: 100%;\n                padding: 0.75rem 1.5rem;\n                border-radius: 5px;\n                text-decoration: none;\">\n            Ver m\u00e1s\n        <\/a>\n    <\/section>\n<\/body>\n\n<h2>\n\t\t\tContacto\t<\/h2>\n\t    <link rel=\"stylesheet\" href=\"https:\/\/cdn.jsdelivr.net\/npm\/bulma@0.9.3\/css\/bulma.min.css\"\/>\n    <style>\n        \/* Configuraci\u00f3n de la fuente Montserrat *\/\n        body {\n            font-family: 'Montserrat', sans-serif;\n        }\n        \/* Estilos de la secci\u00f3n de contacto *\/\n        .contact-section {\n            display: flex;\n            align-items: center;\n            background-color: #9f4f8a;\n            padding: 2rem;\n            border-radius: 8px;\n            color:  #f5f5f5;\n            margin-bottom: 1.5rem;\n        }\n        \/* Estilo de la imagen de perfil *\/\n        .contact-image {\n            width: 150px;\n            height: 150px;\n            background-color: #9f4f8a;\n            background-size: contain;\n            background-repeat: no-repeat;\n            background-position: center;\n            margin-right: 2rem;\n        }\n        \/* Informaci\u00f3n de contacto *\/\n        .contact-info {\n            display: flex;\n            flex-direction: column;\n            gap: 0.75rem;\n        }\n        .contact-title {\n            font-size: 1.5rem;\n            font-weight: 600;\n            margin-bottom: 0.5rem;\n        }\n        .contact-item {\n            color: #f5f5f5;\n            display: flex;\n            align-items: center;\n            font-size: 1.1rem;\n        }\n        .contact-icon {\n            font-size: 1.5rem;\n            margin-right: 0.75rem;\n            color: #f5f5f5;\n        }\n    <\/style>\n\n<body>\n    <section>\n                        \ud83d\udc64\n                        <strong>Nallely Chirino    <\/strong> <br \/>\ud83d\udcde<a href=\"tel:+52 5552019344\">+52 55 5201 9344<\/a>\n                        \ud83d\udc64\n                        <strong>Lluvia Ram\u00edrez  <\/strong> <br \/> \ud83d\udcde <a href=\"tel:+52 5579134571\">+52 55 7913 4571<\/a>\n                        \u2709\ufe0f\n                         <a href=\"mailto:serviciostt@crea-cie.com.mx\">serviciostt@crea-cie.com.mx<\/a>\n    <\/section>\n<\/body>\n\n\t    <link rel=\"stylesheet\" href=\"https:\/\/cdn.jsdelivr.net\/npm\/bulma@0.9.3\/css\/bulma.min.css\"\/>\n    <style>\n        \/* Configuraci\u00f3n de la fuente Montserrat *\/\n        body {\n            font-family: 'Montserrat', sans-serif;\n        }\n        \/* Estilo del banner de t\u00e9rminos y condiciones *\/\n        .terms-banner {\n            background-color: #9f4f8a;\n            color: #ffffff;\n            padding: 1.5rem 2rem;\n            display: flex;\n            align-items: center;\n            justify-content: space-between;\n            border-radius: 8px;\n            box-shadow: 0 4px 8px rgba(0, 0, 0, 0.1);\n            margin: 1.5rem 0;\n        }\n        .terms-text {\n            font-size: 1.25rem;\n            font-weight: 500;\n        }\n        .cta-button {\n            background-color: #ffffff;\n            color: #9f4f8a;\n            border: none;\n            padding: 0.75rem 1.5rem;\n            font-weight: 600;\n            font-size: 1rem;\n            border-radius: 5px;\n            cursor: pointer;\n            transition: background-color 0.3s ease, color 0.3s ease;\n            text-decoration: none; \/* Elimina el subrayado del enlace *\/\n        }\n        .cta-button:hover {\n            background-color: #9f4f8a;\n            color: #ffffff;\n        }\n    <\/style>\n\n<body>\n    <!-- Secci\u00f3n de T\u00e9rminos y Condiciones -->\n    <section>\n           Revisa el Aviso de privacidad\n        <a href=\"https:\/\/tianguisturistico.cie.com.mx\/MSA\/?page_id=3\">Clic aqu\u00ed<\/a>\n    <\/section>\n<\/body>\n\n\t    <link rel=\"stylesheet\" href=\"https:\/\/cdn.jsdelivr.net\/npm\/bulma@0.9.3\/css\/bulma.min.css\"\/>\n    <style>\n        \/* Configuraci\u00f3n de la fuente Montserrat *\/\n        body {\n            font-family: 'Montserrat', sans-serif;\n        }\n        \/* Estilo del banner de aviso de privacidad *\/\n        .privacy-banner {\n            background-color: #ffffff; \/* Fondo blanco *\/\n            color: #9f4f8a; \/* Texto verde *\/\n            padding: 1.5rem 2rem;\n            display: flex;\n            align-items: center;\n            justify-content: space-between;\n            border-radius: 8px;\n            box-shadow: 0 4px 8px rgba(0, 0, 0, 0.1);\n            margin: 1.5rem 0;\n            border: 2px solid #9f4f8a; \/* Borde verde para resaltar el banner *\/\n        }\n        .privacy-text {\n            font-size: 1.25rem;\n            font-weight: 500;\n        }\n        .cta2-button {\n            background-color: #9f4f8a; \/* Fondo del bot\u00f3n en verde *\/\n            color: #ffffff; \/* Texto del bot\u00f3n en blanco *\/\n            border: none;\n            padding: 0.75rem 1.5rem;\n            font-weight: 600;\n            font-size: 1rem;\n            border-radius: 5px;\n            text-align: center;  \n            cursor: pointer;\n            transition: background-color 0.3s ease, color 0.3s ease;\n            text-decoration: none; \/* Elimina el subrayado del enlace *\/\n        }\n        .cta2-button:hover {\n            background-color: #ffffff;\n            color: #9f4f8a;\n        }\n    <\/style>\n\n<body>\n    <!-- Secci\u00f3n de Aviso de Privacidad -->\n    <section>\n         Revisa los T\u00e9rminos y Condiciones de Uso\n        <a href=\"https:\/\/tianguisturistico.cie.com.mx\/MSA\/?page_id=243\">Clic aqu\u00ed<\/a>\n    <\/section>\n<\/body>\n\n\n","protected":false},"excerpt":{"rendered":"<p>Venta anticipada de servicios adicionales Categorias Servicios adicionales Audio y video Electricidad Estacionamiento Internet Limpieza Maquinaria Seguridad Servicios de Stand Preguntas frecuentes Preguntas Frecuentes \u00bfCu\u00e1les son los Servicios Adicionales que puedo encontrar para Tianguis Tur\u00edstico M\u00e9xico 2026? \u2794 Servicios de caf\u00e9, box lunch, electricidad, estantes, frigobares, meseros, personal de seguridad, personal de limpieza, internet, audio [&hellip;]<\/p>\n","protected":false},"author":1,"featured_media":0,"parent":0,"menu_order":0,"comment_status":"closed","ping_status":"closed","template":"template-fullwidth.php","meta":{"footnotes":""},"class_list":["post-132","page","type-page","status-publish","hentry"],"jetpack_sharing_enabled":true,"_links":{"self":[{"href":"https:\/\/tianguisturistico.cie.com.mx\/MSA\/wp-json\/wp\/v2\/pages\/132","targetHints":{"allow":["GET"]}}],"collection":[{"href":"https:\/\/tianguisturistico.cie.com.mx\/MSA\/wp-json\/wp\/v2\/pages"}],"about":[{"href":"https:\/\/tianguisturistico.cie.com.mx\/MSA\/wp-json\/wp\/v2\/types\/page"}],"author":[{"embeddable":true,"href":"https:\/\/tianguisturistico.cie.com.mx\/MSA\/wp-json\/wp\/v2\/users\/1"}],"replies":[{"embeddable":true,"href":"https:\/\/tianguisturistico.cie.com.mx\/MSA\/wp-json\/wp\/v2\/comments?post=132"}],"version-history":[{"count":12,"href":"https:\/\/tianguisturistico.cie.com.mx\/MSA\/wp-json\/wp\/v2\/pages\/132\/revisions"}],"predecessor-version":[{"id":1715,"href":"https:\/\/tianguisturistico.cie.com.mx\/MSA\/wp-json\/wp\/v2\/pages\/132\/revisions\/1715"}],"wp:attachment":[{"href":"https:\/\/tianguisturistico.cie.com.mx\/MSA\/wp-json\/wp\/v2\/media?parent=132"}],"curies":[{"name":"wp","href":"https:\/\/api.w.org\/{rel}","templated":true}]}}